{"id":98,"date":"2017-04-13T17:07:07","date_gmt":"2017-04-13T15:07:07","guid":{"rendered":"http:\/\/cogolu-n.fr\/?page_id=98"},"modified":"2017-10-13T17:21:12","modified_gmt":"2017-10-13T15:21:12","slug":"comp-2","status":"publish","type":"page","link":"https:\/\/daniel-pro.cogolu-n.fr\/?page_id=98","title":{"rendered":"Mes comp\u00e9tences de leadership"},"content":{"rendered":"<p style=\"text-align: justify;\">Les comp\u00e9tences de leadership sont d\u00e9crites et regroup\u00e9es selon le mod\u00e8le \u00a0LEADERSHIP ARCHITECT\u00ae expos\u00e9 dans l&rsquo;ouvrage \u00ab\u00a0FYI &#8211; For Your Improvement\u2122, A guide for Development and Coaching &#8211; 5th Edition\u00a0\u00bb de Michael M. Lombardo et Robert W. Eichinger.<\/p>\n<p style=\"text-align: justify;\">La structure de ce mod\u00e8le s&rsquo;appuie sur l&rsquo;observation\u00a0de 1325 comportements types, dont la pratique met en \u00e9vidence \u00a0une utilisation ma\u00eetris\u00e9e, insuffisante ou abusive de 67 comp\u00e9tences. Ces comp\u00e9tences sont ensuite rassembl\u00e9es\u00a0selon 21 groupes permettant la description des 6 principaux facteurs suivants.<\/p>\n<p>\r\n\t\t<div class=\"progress\">\r\n\t\t\t <div class=\"progress-bar\" role=\"progressbar\" aria-valuenow=\"92\" aria-valuemin=\"0\" aria-valuemax=\"100\"\r\n\t\t\t\tstyle=\"width: 92%; background-color: #1F497D\">\r\n\t\t\t\t<span style=\"color: #fff; font-size:14px; background-color: #1F497D; font-weight: bold\" class=\"sr-only\">92% - Comp\u00e9tences Strat\u00e9giques<\/span>\r\n\t\t\t<\/div>\r\n\t\t<\/div>\r\n\t\r\n\t\t<div class=\"progress\">\r\n\t\t\t <div class=\"progress-bar\" role=\"progressbar\" aria-valuenow=\"100\" aria-valuemin=\"0\" aria-valuemax=\"100\"\r\n\t\t\t\tstyle=\"width: 100%; background-color: #8EB4E3\">\r\n\t\t\t\t<span style=\"color: #fff; font-size:10; background-color: #8EB4E3; font-weight: normal\" class=\"sr-only\">100% - Comprendre le domaine d'activit\u00e9 <\/span>\r\n\t\t\t<\/div>\r\n\t\t<\/div>\r\n\t\r\n\t\t<div class=\"progress\">\r\n\t\t\t <div class=\"progress-bar\" role=\"progressbar\" aria-valuenow=\"92\" aria-valuemin=\"0\" aria-valuemax=\"100\"\r\n\t\t\t\tstyle=\"width: 92%; background-color: #8EB4E3\">\r\n\t\t\t\t<span style=\"color: #fff; font-size:10; background-color: #8EB4E3; font-weight: normal\" class=\"sr-only\">92% - Prendre des d\u00e9cisions complexes<\/span>\r\n\t\t\t<\/div>\r\n\t\t<\/div>\r\n\t\r\n\t\t<div class=\"progress\">\r\n\t\t\t <div class=\"progress-bar\" role=\"progressbar\" aria-valuenow=\"88\" aria-valuemin=\"0\" aria-valuemax=\"100\"\r\n\t\t\t\tstyle=\"width: 88%; background-color: #8EB4E3\">\r\n\t\t\t\t<span style=\"color: #fff; font-size:10; background-color: #8EB4E3; font-weight: normal\" class=\"sr-only\">88% - Cr\u00e9er du nouveau et du diff\u00e9rent<\/span>\r\n\t\t\t<\/div>\r\n\t\t<\/div>\r\n\t<\/p>\n<p style=\"text-align: justify;\">Logiquement, la pratique r\u00e9guli\u00e8re d&rsquo;activit\u00e9s orient\u00e9es vers la prise de d\u00e9cisions\u00a0strat\u00e9giques a permis d&rsquo;atteindre un excellent niveau de ma\u00eetrise des comp\u00e9tences strat\u00e9giques.<\/p>\n<p>\r\n\t\t<div class=\"progress\">\r\n\t\t\t <div class=\"progress-bar\" role=\"progressbar\" aria-valuenow=\"82\" aria-valuemin=\"0\" aria-valuemax=\"100\"\r\n\t\t\t\tstyle=\"width: 82%; background-color: #1F497D\">\r\n\t\t\t\t<span style=\"color: #fff; font-size:14px; background-color: #1F497D; font-weight: bold\" class=\"sr-only\">82% - Qualit\u00e9s op\u00e9rationnelles<\/span>\r\n\t\t\t<\/div>\r\n\t\t<\/div>\r\n\t\r\n\t\t<div class=\"progress\">\r\n\t\t\t <div class=\"progress-bar\" role=\"progressbar\" aria-valuenow=\"75\" aria-valuemin=\"0\" aria-valuemax=\"100\"\r\n\t\t\t\tstyle=\"width: 75%; background-color: #8EB4E3\">\r\n\t\t\t\t<span style=\"color: #fff; font-size:10; background-color: #8EB4E3; font-weight: normal\" class=\"sr-only\">75% - Rester fix\u00e9 sur l'objectif<\/span>\r\n\t\t\t<\/div>\r\n\t\t<\/div>\r\n\t \r\n\t\t<div class=\"progress\">\r\n\t\t\t <div class=\"progress-bar\" role=\"progressbar\" aria-valuenow=\"85\" aria-valuemin=\"0\" aria-valuemax=\"100\"\r\n\t\t\t\tstyle=\"width: 85%; background-color: #8EB4E3\">\r\n\t\t\t\t<span style=\"color: #fff; font-size:10; background-color: #8EB4E3; font-weight: normal\" class=\"sr-only\">85% - S'organiser<\/span>\r\n\t\t\t<\/div>\r\n\t\t<\/div>\r\n\t \r\n\t\t<div class=\"progress\">\r\n\t\t\t <div class=\"progress-bar\" role=\"progressbar\" aria-valuenow=\"76\" aria-valuemin=\"0\" aria-valuemax=\"100\"\r\n\t\t\t\tstyle=\"width: 76%; background-color: #8EB4E3\">\r\n\t\t\t\t<span style=\"color: #fff; font-size:10; background-color: #8EB4E3; font-weight: normal\" class=\"sr-only\">76% - Savoir faire travailler les autres<\/span>\r\n\t\t\t<\/div>\r\n\t\t<\/div>\r\n\t \r\n\t\t<div class=\"progress\">\r\n\t\t\t <div class=\"progress-bar\" role=\"progressbar\" aria-valuenow=\"93\" aria-valuemin=\"0\" aria-valuemax=\"100\"\r\n\t\t\t\tstyle=\"width: 93%; background-color: #8EB4E3\">\r\n\t\t\t\t<span style=\"color: #fff; font-size:10; background-color: #8EB4E3; font-weight: normal\" class=\"sr-only\">93% - G\u00e9rer les m\u00e9thodes de travail<\/span>\r\n\t\t\t<\/div>\r\n\t\t<\/div>\r\n\t<\/p>\n<p style=\"text-align: justify;\"><em>A contrario<\/em>, les qualit\u00e9s op\u00e9rationnelles ont \u00e9t\u00e9 moins pratiqu\u00e9es ces 10 derni\u00e8res ann\u00e9es, et de fait, la mise en oeuvre\u00a0des comportements typiques de ce domaine a \u00e9t\u00e9 moins syst\u00e9matique, \u00e0 l&rsquo;exception des notions de gestion des m\u00e9thodes de travail, notamment concernant la gouvernance des analyse d&rsquo;int\u00e9gration verticale, d&rsquo;\u00e9tudes de cas \u00ab\u00a0faire \u00a0\u00bb ou \u00ab\u00a0acheter\u00a0\u00bb, ou la gestion des plans longs termes (capacit\u00e9 install\u00e9e, investissements strat\u00e9giques, besoins de localisations).<\/p>\n<p>\r\n\t\t<div class=\"progress\">\r\n\t\t\t <div class=\"progress-bar\" role=\"progressbar\" aria-valuenow=\"80\" aria-valuemin=\"0\" aria-valuemax=\"100\"\r\n\t\t\t\tstyle=\"width: 80%; background-color: #1F497D\">\r\n\t\t\t\t<span style=\"color: #fff; font-size:14px; background-color: #1F497D; font-weight: bold\" class=\"sr-only\">80% - Courage<\/span>\r\n\t\t\t<\/div>\r\n\t\t<\/div>\r\n\t\r\n\t\t<div class=\"progress\">\r\n\t\t\t <div class=\"progress-bar\" role=\"progressbar\" aria-valuenow=\"76\" aria-valuemin=\"0\" aria-valuemax=\"100\"\r\n\t\t\t\tstyle=\"width: 76%; background-color: #8EB4E3\">\r\n\t\t\t\t<span style=\"color: #fff; font-size:10; background-color: #8EB4E3; font-weight: normal\" class=\"sr-only\">76% - Faire face aux probl\u00e8mes<\/span>\r\n\t\t\t<\/div>\r\n\t\t<\/div>\r\n\t \r\n\t\t<div class=\"progress\">\r\n\t\t\t <div class=\"progress-bar\" role=\"progressbar\" aria-valuenow=\"88\" aria-valuemin=\"0\" aria-valuemax=\"100\"\r\n\t\t\t\tstyle=\"width: 88%; background-color: #8EB4E3\">\r\n\t\t\t\t<span style=\"color: #fff; font-size:10; background-color: #8EB4E3; font-weight: normal\" class=\"sr-only\">88% - Prendre des d\u00e9cision difficiles sur les gens<\/span>\r\n\t\t\t<\/div>\r\n\t\t<\/div>\r\n\t<\/p>\n<p>\r\n\t\t<div class=\"progress\">\r\n\t\t\t <div class=\"progress-bar\" role=\"progressbar\" aria-valuenow=\"79\" aria-valuemin=\"0\" aria-valuemax=\"100\"\r\n\t\t\t\tstyle=\"width: 79%; background-color: #1F497D\">\r\n\t\t\t\t<span style=\"color: #fff; font-size:14px; background-color: #1F497D; font-weight: bold\" class=\"sr-only\">79% - Energie et d\u00e9termination<\/span>\r\n\t\t\t<\/div>\r\n\t\t<\/div>\r\n\t\r\n\t\t<div class=\"progress\">\r\n\t\t\t <div class=\"progress-bar\" role=\"progressbar\" aria-valuenow=\"79\" aria-valuemin=\"0\" aria-valuemax=\"100\"\r\n\t\t\t\tstyle=\"width: 79%; background-color: #8EB4E3\">\r\n\t\t\t\t<span style=\"color: #fff; font-size:10; background-color: #8EB4E3; font-weight: normal\" class=\"sr-only\">79% - Se concentrer sur le r\u00e9sultat final<\/span>\r\n\t\t\t<\/div>\r\n\t\t<\/div>\r\n\t<\/p>\n<p>\r\n\t\t<div class=\"progress\">\r\n\t\t\t <div class=\"progress-bar\" role=\"progressbar\" aria-valuenow=\"91\" aria-valuemin=\"0\" aria-valuemax=\"100\"\r\n\t\t\t\tstyle=\"width: 91%; background-color: #1F497D\">\r\n\t\t\t\t<span style=\"color: #fff; font-size:14px; background-color: #1F497D; font-weight: bold\" class=\"sr-only\">91% - Comp\u00e9tences de positionnement dans l'organisation<\/span>\r\n\t\t\t<\/div>\r\n\t\t<\/div>\r\n\t\r\n\t\t<div class=\"progress\">\r\n\t\t\t <div class=\"progress-bar\" role=\"progressbar\" aria-valuenow=\"89\" aria-valuemin=\"0\" aria-valuemax=\"100\"\r\n\t\t\t\tstyle=\"width: 89%; background-color: #8EB4E3\">\r\n\t\t\t\t<span style=\"color: #fff; font-size:10; background-color: #8EB4E3; font-weight: normal\" class=\"sr-only\">89% - Avoir une connaissance fine de l'organisation<\/span>\r\n\t\t\t<\/div>\r\n\t\t<\/div>\r\n\t \r\n\t\t<div class=\"progress\">\r\n\t\t\t <div class=\"progress-bar\" role=\"progressbar\" aria-valuenow=\"95\" aria-valuemin=\"0\" aria-valuemax=\"100\"\r\n\t\t\t\tstyle=\"width: 95%; background-color: #8EB4E3\">\r\n\t\t\t\t<span style=\"color: #fff; font-size:10; background-color: #8EB4E3; font-weight: normal\" class=\"sr-only\">95% - Communiquer avec efficacit\u00e9<\/span>\r\n\t\t\t<\/div>\r\n\t\t<\/div>\r\n\t \r\n\t\t<div class=\"progress\">\r\n\t\t\t <div class=\"progress-bar\" role=\"progressbar\" aria-valuenow=\"90\" aria-valuemin=\"0\" aria-valuemax=\"100\"\r\n\t\t\t\tstyle=\"width: 90%; background-color: #8EB4E3\">\r\n\t\t\t\t<span style=\"color: #fff; font-size:10; background-color: #8EB4E3; font-weight: normal\" class=\"sr-only\">90% - Bien g\u00e9rer ses relations avec ses sup\u00e9rieurs<\/span>\r\n\t\t\t<\/div>\r\n\t\t<\/div>\r\n\t<\/p>\n<p>\r\n\t\t<div class=\"progress\">\r\n\t\t\t <div class=\"progress-bar\" role=\"progressbar\" aria-valuenow=\"88\" aria-valuemin=\"0\" aria-valuemax=\"100\"\r\n\t\t\t\tstyle=\"width: 88%; background-color: #1F497D\">\r\n\t\t\t\t<span style=\"color: #fff; font-size:14px; background-color: #1F497D; font-weight: bold\" class=\"sr-only\">88% - Comp\u00e9tences personnelles et interpersonnelles<\/span>\r\n\t\t\t<\/div>\r\n\t\t<\/div>\r\n\t\r\n\t\t<div class=\"progress\">\r\n\t\t\t <div class=\"progress-bar\" role=\"progressbar\" aria-valuenow=\"84\" aria-valuemin=\"0\" aria-valuemax=\"100\"\r\n\t\t\t\tstyle=\"width: 84%; background-color: #8EB4E3\">\r\n\t\t\t\t<span style=\"color: #fff; font-size:10; background-color: #8EB4E3; font-weight: normal\" class=\"sr-only\">84% - Comp\u00e9tences relationnelles<\/span>\r\n\t\t\t<\/div>\r\n\t\t<\/div>\r\n\t \r\n\t\t<div class=\"progress\">\r\n\t\t\t <div class=\"progress-bar\" role=\"progressbar\" aria-valuenow=\"85\" aria-valuemin=\"0\" aria-valuemax=\"100\"\r\n\t\t\t\tstyle=\"width: 85%; background-color: #8EB4E3\">\r\n\t\t\t\t<span style=\"color: #fff; font-size:10; background-color: #8EB4E3; font-weight: normal\" class=\"sr-only\">85% - \u00catre attentif aux autres<\/span>\r\n\t\t\t<\/div>\r\n\t\t<\/div>\r\n\t \r\n\t\t<div class=\"progress\">\r\n\t\t\t <div class=\"progress-bar\" role=\"progressbar\" aria-valuenow=\"94\" aria-valuemin=\"0\" aria-valuemax=\"100\"\r\n\t\t\t\tstyle=\"width: 94%; background-color: #8EB4E3\">\r\n\t\t\t\t<span style=\"color: #fff; font-size:10; background-color: #8EB4E3; font-weight: normal\" class=\"sr-only\">94% - G\u00e9rer des relations diverses<\/span>\r\n\t\t\t<\/div>\r\n\t\t<\/div>\r\n\t \r\n\t\t<div class=\"progress\">\r\n\t\t\t <div class=\"progress-bar\" role=\"progressbar\" aria-valuenow=\"78\" aria-valuemin=\"0\" aria-valuemax=\"100\"\r\n\t\t\t\tstyle=\"width: 78%; background-color: #8EB4E3\">\r\n\t\t\t\t<span style=\"color: #fff; font-size:10; background-color: #8EB4E3; font-weight: normal\" class=\"sr-only\">78% - Inspirer les autres<\/span>\r\n\t\t\t<\/div>\r\n\t\t<\/div>\r\n\t\r\n\t\t<div class=\"progress\">\r\n\t\t\t <div class=\"progress-bar\" role=\"progressbar\" aria-valuenow=\"100\" aria-valuemin=\"0\" aria-valuemax=\"100\"\r\n\t\t\t\tstyle=\"width: 100%; background-color: #8EB4E3\">\r\n\t\t\t\t<span style=\"color: #fff; font-size:10; background-color: #8EB4E3; font-weight: normal\" class=\"sr-only\">100% - Agir avec honneur et caract\u00e8re<\/span>\r\n\t\t\t<\/div>\r\n\t\t<\/div>\r\n\t\r\n\t\t<div class=\"progress\">\r\n\t\t\t <div class=\"progress-bar\" role=\"progressbar\" aria-valuenow=\"87\" aria-valuemin=\"0\" aria-valuemax=\"100\"\r\n\t\t\t\tstyle=\"width: 87%; background-color: #8EB4E3\">\r\n\t\t\t\t<span style=\"color: #fff; font-size:10; background-color: #8EB4E3; font-weight: normal\" class=\"sr-only\">87% - \u00catre ouvert et r\u00e9ceptif<\/span>\r\n\t\t\t<\/div>\r\n\t\t<\/div>\r\n\t\r\n\t\t<div class=\"progress\">\r\n\t\t\t <div class=\"progress-bar\" role=\"progressbar\" aria-valuenow=\"90\" aria-valuemin=\"0\" aria-valuemax=\"100\"\r\n\t\t\t\tstyle=\"width: 90%; background-color: #8EB4E3\">\r\n\t\t\t\t<span style=\"color: #fff; font-size:10; background-color: #8EB4E3; font-weight: normal\" class=\"sr-only\">90% - Faire preuve de flexibilit\u00e9<\/span>\r\n\t\t\t<\/div>\r\n\t\t<\/div>\r\n\t\r\n\t\t<div class=\"progress\">\r\n\t\t\t <div class=\"progress-bar\" role=\"progressbar\" aria-valuenow=\"89\" aria-valuemin=\"0\" aria-valuemax=\"100\"\r\n\t\t\t\tstyle=\"width: 89%; background-color: #8EB4E3\">\r\n\t\t\t\t<span style=\"color: #fff; font-size:10; background-color: #8EB4E3; font-weight: normal\" class=\"sr-only\">89% - Trouver l'\u00e9quilibre entre la vie professionnelle et la vie priv\u00e9e<\/span>\r\n\t\t\t<\/div>\r\n\t\t<\/div>\r\n\t<\/p>\n<p style=\"text-align: justify;\">Les r\u00e9sultats\u00a0sont le fruit d&rsquo;une auto-\u00e9valuation.<\/p>\n<p><a href=\"https:\/\/daniel-pro.cogolu-n.fr\/\">Retour<\/a><\/p>\n","protected":false},"excerpt":{"rendered":"<p>Les comp\u00e9tences de leadership sont d\u00e9crites et regroup\u00e9es selon le mod\u00e8le \u00a0LEADERSHIP ARCHITECT\u00ae expos\u00e9 dans l&rsquo;ouvrage \u00ab\u00a0FYI &#8211; For Your Improvement\u2122, A guide for Development and Coaching &#8211; 5th Edition\u00a0\u00bb de Michael M. Lombardo et Robert W. Eichinger. La structure de ce mod\u00e8le s&rsquo;appuie sur l&rsquo;observation\u00a0de 1325 comportements types, dont la pratique met en \u00e9vidence &hellip; <\/p>\n<p class=\"link-more\"><a href=\"https:\/\/daniel-pro.cogolu-n.fr\/?page_id=98\" class=\"more-link\">Continuer la lecture<span class=\"screen-reader-text\"> de &laquo;&nbsp;Mes comp\u00e9tences de leadership&nbsp;&raquo;<\/span><\/a><\/p>\n","protected":false},"author":1,"featured_media":0,"parent":17,"menu_order":2,"comment_status":"closed","ping_status":"closed","template":"","meta":{"footnotes":""},"class_list":["post-98","page","type-page","status-publish","hentry"],"_links":{"self":[{"href":"https:\/\/daniel-pro.cogolu-n.fr\/index.php?rest_route=\/wp\/v2\/pages\/98","targetHints":{"allow":["GET"]}}],"collection":[{"href":"https:\/\/daniel-pro.cogolu-n.fr\/index.php?rest_route=\/wp\/v2\/pages"}],"about":[{"href":"https:\/\/daniel-pro.cogolu-n.fr\/index.php?rest_route=\/wp\/v2\/types\/page"}],"author":[{"embeddable":true,"href":"https:\/\/daniel-pro.cogolu-n.fr\/index.php?rest_route=\/wp\/v2\/users\/1"}],"replies":[{"embeddable":true,"href":"https:\/\/daniel-pro.cogolu-n.fr\/index.php?rest_route=%2Fwp%2Fv2%2Fcomments&post=98"}],"version-history":[{"count":82,"href":"https:\/\/daniel-pro.cogolu-n.fr\/index.php?rest_route=\/wp\/v2\/pages\/98\/revisions"}],"predecessor-version":[{"id":672,"href":"https:\/\/daniel-pro.cogolu-n.fr\/index.php?rest_route=\/wp\/v2\/pages\/98\/revisions\/672"}],"up":[{"embeddable":true,"href":"https:\/\/daniel-pro.cogolu-n.fr\/index.php?rest_route=\/wp\/v2\/pages\/17"}],"wp:attachment":[{"href":"https:\/\/daniel-pro.cogolu-n.fr\/index.php?rest_route=%2Fwp%2Fv2%2Fmedia&parent=98"}],"curies":[{"name":"wp","href":"https:\/\/api.w.org\/{rel}","templated":true}]}}