{"id":74,"date":"2017-04-13T16:46:37","date_gmt":"2017-04-13T14:46:37","guid":{"rendered":"http:\/\/cogolu-n.fr\/?page_id=74"},"modified":"2017-06-21T00:11:57","modified_gmt":"2017-06-20T22:11:57","slug":"strategie-industrielle","status":"publish","type":"page","link":"https:\/\/daniel-pro.cogolu-n.fr\/?page_id=74","title":{"rendered":"Strat\u00e9gie Industrielle"},"content":{"rendered":"<p style=\"text-align: justify;\">Je rejoins en 2011 les Op\u00e9rations Volvo Powertrain pour piloter le planning strat\u00e9gique. Cela comprend la distribution des volumes par usines, les pr\u00e9-\u00e9tudes de d\u00e9ploiement de nos capacit\u00e9s de production en fonctions des besoins (produire localement ou importer, faire ou acheter), le pilotage du plan pr\u00e9visionnel d\u2019investissement et l\u2019\u00e9laboration du plan industriel global long terme.<\/p>\n<p style=\"text-align: justify;\">Je prends en 2012 la responsabilit\u00e9 du d\u00e9veloppement industriel pour les bo\u00eetes de vitesses, produites en Su\u00e8de et en cours de localisation aux USA et au Br\u00e9sil.<\/p>\n<p style=\"text-align: justify;\">En 2013, mon p\u00e9rim\u00e8tre est \u00e9tendu aux moteurs de gamme interm\u00e9diaire, en cours d\u2019industrialisation en France et dans la\u00a0Joint Venture en Inde.<\/p>\n<p style=\"text-align: justify;\">En 2014, avec l\u2019adjonction des moteurs de gamme haute, je deviens directeur du d\u00e9veloppement industriel pour la totalit\u00e9 du p\u00e9rim\u00e8tre \u00ab\u00a0Powertrain \u2013 Moteurs et Bo\u00eetes\u00a0de Vitesse\u00bb.<\/p>\n<p style=\"text-align: justify;\">A ce titre, ma mission principale consiste \u00e0 animer le dialogue strat\u00e9gique avec le management ex\u00e9cutif et les diff\u00e9rentes parties prenantes (plan produit, d\u00e9veloppements des produits et des m\u00e9thodes de fabrication, achats, finance, strat\u00e9gie corporate). J\u2019\u00e9labore le plan de marche industriel long terme en int\u00e9grant les facteurs influents externes et les priorisations internes.<\/p>\n<p><a href=\"https:\/\/daniel-pro.cogolu-n.fr\/?page_id=78\">Retour<\/a><\/p>\n","protected":false},"excerpt":{"rendered":"<p>Je rejoins en 2011 les Op\u00e9rations Volvo Powertrain pour piloter le planning strat\u00e9gique. Cela comprend la distribution des volumes par usines, les pr\u00e9-\u00e9tudes de d\u00e9ploiement de nos capacit\u00e9s de production en fonctions des besoins (produire localement ou importer, faire ou acheter), le pilotage du plan pr\u00e9visionnel d\u2019investissement et l\u2019\u00e9laboration du plan industriel global long terme. &hellip; <\/p>\n<p class=\"link-more\"><a href=\"https:\/\/daniel-pro.cogolu-n.fr\/?page_id=74\" class=\"more-link\">Continuer la lecture<span class=\"screen-reader-text\"> de &laquo;&nbsp;Strat\u00e9gie Industrielle&nbsp;&raquo;<\/span><\/a><\/p>\n","protected":false},"author":1,"featured_media":0,"parent":78,"menu_order":4,"comment_status":"closed","ping_status":"closed","template":"","meta":{"footnotes":""},"class_list":["post-74","page","type-page","status-publish","hentry"],"_links":{"self":[{"href":"https:\/\/daniel-pro.cogolu-n.fr\/index.php?rest_route=\/wp\/v2\/pages\/74","targetHints":{"allow":["GET"]}}],"collection":[{"href":"https:\/\/daniel-pro.cogolu-n.fr\/index.php?rest_route=\/wp\/v2\/pages"}],"about":[{"href":"https:\/\/daniel-pro.cogolu-n.fr\/index.php?rest_route=\/wp\/v2\/types\/page"}],"author":[{"embeddable":true,"href":"https:\/\/daniel-pro.cogolu-n.fr\/index.php?rest_route=\/wp\/v2\/users\/1"}],"replies":[{"embeddable":true,"href":"https:\/\/daniel-pro.cogolu-n.fr\/index.php?rest_route=%2Fwp%2Fv2%2Fcomments&post=74"}],"version-history":[{"count":8,"href":"https:\/\/daniel-pro.cogolu-n.fr\/index.php?rest_route=\/wp\/v2\/pages\/74\/revisions"}],"predecessor-version":[{"id":615,"href":"https:\/\/daniel-pro.cogolu-n.fr\/index.php?rest_route=\/wp\/v2\/pages\/74\/revisions\/615"}],"up":[{"embeddable":true,"href":"https:\/\/daniel-pro.cogolu-n.fr\/index.php?rest_route=\/wp\/v2\/pages\/78"}],"wp:attachment":[{"href":"https:\/\/daniel-pro.cogolu-n.fr\/index.php?rest_route=%2Fwp%2Fv2%2Fmedia&parent=74"}],"curies":[{"name":"wp","href":"https:\/\/api.w.org\/{rel}","templated":true}]}}

Stratégie Industrielle

<p style="text-align: justify;">Je rejoins en 2011 les Opérations Volvo Powertrain pour piloter le planning stratégique. Cela comprend la distribution des volumes par usines, les pré-études de déploiement de nos capacités de production en fonctions des besoins (produire localement ou importer, faire ou acheter), le pilotage du plan prévisionnel d’investissement et l’élaboration du plan industriel global long terme.</p>
<p style="text-align: justify;">Je prends en 2012 la responsabilité du développement industriel pour les boîtes de vitesses, produites en Suède et en cours de localisation aux USA et au Brésil.</p>
<p style="text-align: justify;">En 2013, mon périmètre est étendu aux moteurs de gamme intermédiaire, en cours d’industrialisation en France et dans la Joint Venture en Inde.</p>
<p style="text-align: justify;">En 2014, avec l’adjonction des moteurs de gamme haute, je deviens directeur du développement industriel pour la totalité du périmètre « Powertrain – Moteurs et Boîtes de Vitesse».</p>
<p style="text-align: justify;">A ce titre, ma mission principale consiste à animer le dialogue stratégique avec le management exécutif et les différentes parties prenantes (plan produit, développements des produits et des méthodes de fabrication, achats, finance, stratégie corporate). J’élabore le plan de marche industriel long terme en intégrant les facteurs influents externes et les priorisations internes.</p>
<p><a href="https://daniel-pro.cogolu-n.fr/?page_id=78">Retour</a></p>

<p>Je rejoins en 2011 les Opérations Volvo Powertrain pour piloter le planning stratégique. Cela comprend la distribution des volumes par usines, les pré-études de déploiement de nos capacités de production en fonctions des besoins (produire localement ou importer, faire ou acheter), le pilotage du plan prévisionnel d’investissement et l’élaboration du plan industriel global long terme. &hellip; </p>
<p class="link-more"><a href="https://daniel-pro.cogolu-n.fr/?page_id=74" class="more-link">Continuer la lecture<span class="screen-reader-text"> de &laquo;&nbsp;Stratégie Industrielle&nbsp;&raquo;</span></a></p>
