{"id":64,"date":"2017-04-13T16:45:00","date_gmt":"2017-04-13T14:45:00","guid":{"rendered":"http:\/\/cogolu-n.fr\/?page_id=64"},"modified":"2017-06-21T00:10:58","modified_gmt":"2017-06-20T22:10:58","slug":"essais-vehicules","status":"publish","type":"page","link":"https:\/\/daniel-pro.cogolu-n.fr\/?page_id=64","title":{"rendered":"Essais V\u00e9hicules"},"content":{"rendered":"<p style=\"text-align: justify;\">Embauch\u00e9 en 1995 avant la soutenance de ma th\u00e8se\u00a0au centre d&rsquo;essais de Renault VI, je poursuis le d\u00e9veloppement des m\u00e9thodes exp\u00e9rimentales.\u00a0Je travaille avec le centre de recherche de Renault, sur l\u2019\u00e9tude de la stabilit\u00e9 des convois tracteur\/semi-remorque et, ensemble, nous d\u00e9veloppons\u00a0le premier ESP pour camion\u00a0avec les \u00e9quipes\u00a0de R. Bosch \/ Knorr Bremse\u00a0en charge\u00a0du syst\u00e8me de freinage EBS.<\/p>\n<p style=\"text-align: justify;\">De cette collaboration na\u00eet \u00e9galement la pratique de l\u2019identification optimales de filtres num\u00e9riques pour caract\u00e9riser le comportement dynamique d\u2019un v\u00e9hicule industriel et \u00e9tablir le lien entre simulations param\u00e9triques et acquisitions de mesures sur piste d\u2019essai.<\/p>\n<p style=\"text-align: justify;\">En 1997, je deviens\u00a0le responsable de l&rsquo;\u00e9quipe d&rsquo;essais et des prestations clients \u00ab\u00a0tenue de route\u00a0\u00bb et \u00ab\u00a0direction\u00a0\u00bb. A ce titre, j&rsquo;adresse aux bureaux d&rsquo;\u00e9tudes concern\u00e9s des cahiers des charges fonctionnels pour viser les performances voulues, et j&rsquo;\u00e9labore les plans de validation et d&rsquo;homologation des projets de v\u00e9hicules.<\/p>\n<p style=\"text-align: justify;\">Je fournis\u00a0\u00e9galement des expertises aupr\u00e8s des clients sur demande des \u00e9quipes techniques Apr\u00e8s-Vente.<\/p>\n<p><a href=\"https:\/\/daniel-pro.cogolu-n.fr\/?page_id=78\">Retour<\/a><\/p>\n","protected":false},"excerpt":{"rendered":"<p>Embauch\u00e9 en 1995 avant la soutenance de ma th\u00e8se\u00a0au centre d&rsquo;essais de Renault VI, je poursuis le d\u00e9veloppement des m\u00e9thodes exp\u00e9rimentales.\u00a0Je travaille avec le centre de recherche de Renault, sur l\u2019\u00e9tude de la stabilit\u00e9 des convois tracteur\/semi-remorque et, ensemble, nous d\u00e9veloppons\u00a0le premier ESP pour camion\u00a0avec les \u00e9quipes\u00a0de R. Bosch \/ Knorr Bremse\u00a0en charge\u00a0du syst\u00e8me de &hellip; <\/p>\n<p class=\"link-more\"><a href=\"https:\/\/daniel-pro.cogolu-n.fr\/?page_id=64\" class=\"more-link\">Continuer la lecture<span class=\"screen-reader-text\"> de &laquo;&nbsp;Essais V\u00e9hicules&nbsp;&raquo;<\/span><\/a><\/p>\n","protected":false},"author":1,"featured_media":0,"parent":78,"menu_order":1,"comment_status":"closed","ping_status":"closed","template":"","meta":{"footnotes":""},"class_list":["post-64","page","type-page","status-publish","hentry"],"_links":{"self":[{"href":"https:\/\/daniel-pro.cogolu-n.fr\/index.php?rest_route=\/wp\/v2\/pages\/64","targetHints":{"allow":["GET"]}}],"collection":[{"href":"https:\/\/daniel-pro.cogolu-n.fr\/index.php?rest_route=\/wp\/v2\/pages"}],"about":[{"href":"https:\/\/daniel-pro.cogolu-n.fr\/index.php?rest_route=\/wp\/v2\/types\/page"}],"author":[{"embeddable":true,"href":"https:\/\/daniel-pro.cogolu-n.fr\/index.php?rest_route=\/wp\/v2\/users\/1"}],"replies":[{"embeddable":true,"href":"https:\/\/daniel-pro.cogolu-n.fr\/index.php?rest_route=%2Fwp%2Fv2%2Fcomments&post=64"}],"version-history":[{"count":11,"href":"https:\/\/daniel-pro.cogolu-n.fr\/index.php?rest_route=\/wp\/v2\/pages\/64\/revisions"}],"predecessor-version":[{"id":612,"href":"https:\/\/daniel-pro.cogolu-n.fr\/index.php?rest_route=\/wp\/v2\/pages\/64\/revisions\/612"}],"up":[{"embeddable":true,"href":"https:\/\/daniel-pro.cogolu-n.fr\/index.php?rest_route=\/wp\/v2\/pages\/78"}],"wp:attachment":[{"href":"https:\/\/daniel-pro.cogolu-n.fr\/index.php?rest_route=%2Fwp%2Fv2%2Fmedia&parent=64"}],"curies":[{"name":"wp","href":"https:\/\/api.w.org\/{rel}","templated":true}]}}