{"id":419,"date":"2017-06-08T01:28:16","date_gmt":"2017-06-07T23:28:16","guid":{"rendered":"http:\/\/daniel-pro.cogolu-n.fr\/?page_id=419"},"modified":"2020-10-14T08:41:20","modified_gmt":"2020-10-14T06:41:20","slug":"consultant-business","status":"publish","type":"page","link":"https:\/\/daniel-pro.cogolu-n.fr\/?page_id=419","title":{"rendered":"Management de Projet"},"content":{"rendered":"<p>De Septembre 2016 \u00e0 Mars 2017, je suis mandat\u00e9 par le Senior Vice-President Corporate Strategy Trucks du groupe Volvo pour piloter une \u00e9tude en animant un groupe transversal constitu\u00e9 d&rsquo;une dizaine de directeurs repr\u00e9sentants leur propre organisation. Les conclusions de cette \u00e9tudes sont pr\u00e9sent\u00e9es aupr\u00e8s du comit\u00e9 ex\u00e9cutif constitu\u00e9 du PDG du groupe et de ses Executive Vice Presidents en Mars 2017.<\/p>\n<p>Depuis mai 2017 \u00e0 D\u00e9cembre 2019, je suis l&rsquo;adjoint au chef de projet de d\u00e9marrage d&rsquo;une nouvelle\u00a0Joint Venture cr\u00e9\u00e9e en Alg\u00e9rie pour assembler les v\u00e9hicules destin\u00e9s au march\u00e9 local. Durant cette p\u00e9riode, j&rsquo;ai g\u00e9r\u00e9 le planning d&rsquo;ensemble de la cr\u00e9ation de l&rsquo;entreprise de la construction du site. J&rsquo;ai \u00e9galement support\u00e9 les m\u00e9tiers dans l&rsquo;analyse et la d\u00e9finition des besoins (communication interne et externe, organisation op\u00e9rationnelle de la soci\u00e9t\u00e9, dimensionnement des \u00e9quipes, formation, programme de d\u00e9marrage de la production). J&rsquo;ai coordonn\u00e9 le programme d&rsquo;int\u00e9gration locale en relation avec les \u00e9quipes achats et bureaux d&rsquo;\u00e9tudes. Enfin, j&rsquo;ai accompagn\u00e9 le d\u00e9marrage de la production avec, notamment, la mise en place de solutions collaboratives de collecte et d&rsquo;\u00e9change d&rsquo;information dans tous les m\u00e9tiers et dans la programmation de production dee bout en bout.<\/p>\n<p><a href=\"http:\/\/www.algerie-focus.com\/2016\/04\/137418\/\" target=\"_blank\" rel=\"noopener noreferrer\">Annonce de la signature d&rsquo;un accord entre Renault Trucks et le groupe BSF Souakri<\/a><\/p>\n<p><a href=\"https:\/\/www.autonews-dz.com\/groupe-volvo-spa-soprovi-organisent-convention-de-traitance\/\">Le groupe Volvo organise une convention de la sous-traitance<\/a><\/p>\n<p><a href=\"https:\/\/daniel-pro.cogolu-n.fr\/?page_id=78\">Retour<\/a><\/p>\n","protected":false},"excerpt":{"rendered":"<p>De Septembre 2016 \u00e0 Mars 2017, je suis mandat\u00e9 par le Senior Vice-President Corporate Strategy Trucks du groupe Volvo pour piloter une \u00e9tude en animant un groupe transversal constitu\u00e9 d&rsquo;une dizaine de directeurs repr\u00e9sentants leur propre organisation. Les conclusions de cette \u00e9tudes sont pr\u00e9sent\u00e9es aupr\u00e8s du comit\u00e9 ex\u00e9cutif constitu\u00e9 du PDG du groupe et de &hellip; <\/p>\n<p class=\"link-more\"><a href=\"https:\/\/daniel-pro.cogolu-n.fr\/?page_id=419\" class=\"more-link\">Continuer la lecture<span class=\"screen-reader-text\"> de &laquo;&nbsp;Management de Projet&nbsp;&raquo;<\/span><\/a><\/p>\n","protected":false},"author":1,"featured_media":0,"parent":78,"menu_order":5,"comment_status":"closed","ping_status":"closed","template":"","meta":{"footnotes":""},"class_list":["post-419","page","type-page","status-publish","hentry"],"_links":{"self":[{"href":"https:\/\/daniel-pro.cogolu-n.fr\/index.php?rest_route=\/wp\/v2\/pages\/419","targetHints":{"allow":["GET"]}}],"collection":[{"href":"https:\/\/daniel-pro.cogolu-n.fr\/index.php?rest_route=\/wp\/v2\/pages"}],"about":[{"href":"https:\/\/daniel-pro.cogolu-n.fr\/index.php?rest_route=\/wp\/v2\/types\/page"}],"author":[{"embeddable":true,"href":"https:\/\/daniel-pro.cogolu-n.fr\/index.php?rest_route=\/wp\/v2\/users\/1"}],"replies":[{"embeddable":true,"href":"https:\/\/daniel-pro.cogolu-n.fr\/index.php?rest_route=%2Fwp%2Fv2%2Fcomments&post=419"}],"version-history":[{"count":9,"href":"https:\/\/daniel-pro.cogolu-n.fr\/index.php?rest_route=\/wp\/v2\/pages\/419\/revisions"}],"predecessor-version":[{"id":689,"href":"https:\/\/daniel-pro.cogolu-n.fr\/index.php?rest_route=\/wp\/v2\/pages\/419\/revisions\/689"}],"up":[{"embeddable":true,"href":"https:\/\/daniel-pro.cogolu-n.fr\/index.php?rest_route=\/wp\/v2\/pages\/78"}],"wp:attachment":[{"href":"https:\/\/daniel-pro.cogolu-n.fr\/index.php?rest_route=%2Fwp%2Fv2%2Fmedia&parent=419"}],"curies":[{"name":"wp","href":"https:\/\/api.w.org\/{rel}","templated":true}]}}